3 - 47*q**2 + 84*q + 21. Calculate w(45).
-249
Let b(f) = f**3 + 10*f**2 - 16*f - 156. Determine b(-10).
4
Let f(a) = -311*a - 25181. What is f(-81)?
10
Let n(v) = 2*v**2 - 27*v + 54. Give n(18).
216
Let o(f) = -f**2 - 96*f - 2286. Determine o(-50).
14
Let o(y) = -y**2 + 32*y - 377. Calculate o(20).
-137
Let d(k) = 8*k - 233. Calculate d(0).
-233
Let x(i) = 58*i**2 + 151*i + 113. Determine x(-2).
43
Let o(k) = -k + 8. Give o(-15).
23
Let o(y) = 18*y**2 + 471*y + 47. Give o(-26).
-31
Let w(c) = 3*c**3 - 108*c**2 + 5*c - 195. Calculate w(36).
-15
Let u(l) = -340*l + 15601. What is u(46)?
-39
Let d(g) = 4*g**3 + 24*g**2 - 48*g - 121. Give d(-7).
19
Let l(k) = 2*k**3 + 22*k**2 - 5*k - 41. Determine l(-11).
14
Let c(a) = 48*a - 129. Determine c(6).
159
Let s(y) = 197*y + 166. Determine s(1).
363
Let u(p) = -36*p + 1596. Give u(45).
-24
Let n(i) = -i**3 - 52*i**2 + 171*i + 322. Give n(-55).
-8
Let k(p) = 19*p - 254. Give k(-10).
-444
Let y(w) = -w**3 - 27*w - 96. Calculate y(-3).
12
Let p(t) = -t**3 + 30*t**2 + 7*t - 304. Calculate p(30).
-94
Let c(j) = -3*j**3 - 55*j**2 - 182*j + 2. Determine c(-14).
2
Let b(s) = -87*s**2 - 10268*s - 228. What is b(-118)?
8
Let f(y) = y**3 + 8*y**2 + 4*y + 1. What is f(-5)?
56
Let d(k) = k**3 + 6*k**2 - 86*k + 81. Determine d(-13).
16
Let v(z) = 2*z**3 - 21*z**2 + z - 148. Calculate v(11).
-16
Let k(v) = -133*v + 126. What is k(1)?
-7
Let c(g) = g**2 + 3*g - 46. Give c(17).
294
Let t(v) = 2*v**3 + 10*v**2 - 60*v + 23. Determine t(4).
71
Let h(g) = 5091*g + 5064. What is h(-1)?
-27
Let w(a) = a**3 + 3*a**2 - 20*a + 9. What is w(6)?
213
Let h(g) = 5*g**3 - 251*g**2 + 51*g - 21. Give h(50).
29
Let d(y) = -47*y + 1668. Calculate d(51).
-729
Let c(n) = -4*n**3 + 10*n**2 + 115*n - 123. What is c(1)?
-2
Let q(l) = l**3 + l**2 - 20*l + 9. What is q(-5)?
9
Let x(l) = -4*l - 203. Calculate x(-8).
-171
Let i(p) = p**3 + 13*p**2 - 28*p - 84. What is i(-14)?
112
Let b(k) = -27*k + 2898. Give b(107).
9
Let o(y) = -y**2 + 28*y - 158. Determine o(11).
29
Let y(o) = o**2 - 26*o + 2. Give y(0).
2
Let l(u) = 11714*u + 58571. What is l(-5)?
1
Let h(k) = -4*k**2 + 59*k - 40. What is h(14)?
2
Let l(z) = 17*z**2 - 9*z + 14. Give l(-4).
322
Let k(p) = -2*p**2 + 35*p - 113. Calculate k(11).
30
Let p(z) = -230*z - 11696. Give p(-51).
34
Let w(z) = -20*z**2 + 86*z - 352. Calculate w(4).
-328
Let w(u) = -80*u + 4570. Calculate w(57).
10
Let n(x) = 8756*x - 105076. Give n(12).
-4
Let x(m) = -m**3 - 21*m**2 - 321*m - 1554. Give x(-7).
7
Let s(r) = -120*r**2 + 110*r - 1. Calculate s(1).
-11
Let b(v) = -v**3 + 8*v**2 + 11*v - 11. What is b(8)?
77
Let t(y) = 70*y + 1773. Calculate t(-25).
23
Let g(p) = 5*p - 22. What is g(-18)?
-112
Let y(p) = 11*p**3 - 142*p**2 - 11*p - 19. Determine y(13).
7
Let l(a) = a**3 + 90*a**2 + 57*a + 13472. What is l(-91)?
4
Let t(g) = 3*g**2 + 3*g - 54. What is t(7)?
114
Let h(z) = z**3 - 34*z**2 - 9*z + 261. Determine h(34).
-45
Let h(v) = v**3 - 13*v**2 + 29*v - 85. Give h(11).
-8
Let p(k) = 2*k + 128. Give p(-19).
90
Let x(v) = 5938*v + 41563. What is x(-7)?
-3
Let r(w) = w**2 - 28*w - 149. Calculate r(36).
139
Let o(b) = -b**3 - 2*b**2 + 49*b + 15. Give o(7).
-83
Let c(i) = -1786*i + 19647. Give c(11).
1
Let y(x) = -2*x**3 + 48*x**2 - 82*x - 128. Give y(22).
4
Let y(c) = -36*c - 2037. Calculate y(-15).
-1497
Let p(m) = -3*m**2 + 39*m + 126. Determine p(-3).
-18
Let n(q) = -597*q + 2394. Give n(4).
6
Let n(q) = -q**3 + q**2 + 4*q + 143. Give n(0).
143
Let r(k) = 2*k**3 - 16*k**2 + 25*k - 37. Give r(8).
163
Let h(z) = 1393*z + 13942. Calculate h(-10).
12
Let h(c) = 246*c + 88062. What is h(-358)?
-6
Let h(g) = -g**3 + 57*g**2 - 265*g + 269. What is h(52)?
9
Let y(g) = 1727*g + 160622. Calculate y(-93).
11
Let o(y) = 4*y**3 + 16*y**2 + 27*y - 4. Calculate o(-5).
-239
Let r(w) = -w**3 - 76*w**2 - 350*w - 6. Calculate r(-5).
-31
Let n(p) = 2*p**2 - 60*p + 35. Determine n(25).
-215
Let p(l) = l**3 - 7*l**2 + 4*l + 5. Give p(2).
-7
Let i(l) = l**3 - 22*l**2 + 86*l - 11. Determine i(15).
-296
Let s(z) = 2520*z - 10072. Determine s(4).
8
Let t(x) = -x**3 + 11*x**2 + 243*x - 2353. What is t(9)?
-4
Let w(f) = -f**2 - 42*f + 22. Calculate w(-14).
414
Let r(i) = -5*i**2 - 11*i + 70. Determine r(3).
-8
Let v(g) = 2*g**3 + 6*g**2 + 147*g + 622. Determine v(-4).
2
Let a(z) = z**3 - 13*z**2 - 35*z + 43. Give a(15).
-32
Let i(g) = 3*g**2 - 403*g + 2430. Calculate i(128).
-2
Let k(s) = s**3 - 27*s**2 - 39. Calculate k(27).
-39
Let v(f) = f**3 + 16*f**2 - 161*f - 69. Determine v(-23).
-69
Let h(v) = -433*v - 3891. Give h(-9).
6
Let g(l) = 3*l**3 + 97*l**2 - 67*l - 22. What is g(-33)?
11
Let f(h) = -1892*h + 17039. Calculate f(9).
11
Let w(d) = -3*d**3 - 4*d**2 - 27*d - 11. Give w(-5).
399
Let a(r) = -r**2 - 24*r - 118. Give a(-7).
1
Let j(b) = -3*b - 89. Calculate j(-32).
7
Let b(v) = v**3 - 128*v**2 + 148*v - 2684. Give b(127).
-17
Let z(p) = -3420*p + 147074. Calculate z(43).
14
Let o(i) = 1674*i - 3323. Give o(2).
25
Let n(k) = k**3 + 8*k**2 - 5*k + 12. Calculate n(-9).
-24
Let r(g) = -g**3 - 8*g**2 - 9*g + 23. What is r(-4)?
-5
Let k(w) = 3*w**2 + 182*w - 1392. Calculate k(7).
29
Let b(z) = 5*z**2 - 3*z - 15. What is b(5)?
95
Let g(d) = -d**2 - 30*d - 55. Give g(-9).
134
Let i(g) = -g**3 - 2*g**2 - 2*g - 31. What is i(-7)?
228
Let y(z) = -44*z + 107. Give y(4).
-69
Let u(q) = -q**3 + 44*q**2 - 298*q - 708. Calculate u(11).
7
Let n(w) = 2*w**3 + 39*w**2 + 38*w + 59. Determine n(-19).
-302
Let w(o) = -o**2 + 2*o + 250. Calculate w(17).
-5
Let r(n) = n**3 + 3*n**2 - 118*n - 445. Calculate r(-4).
11
Let z(l) = -l**3 - 15*l**2 + 2*l + 44. Determine z(-15).
14
Let k(h) = -h**3 + 12*h**2 + 413*h + 2018. Calculate k(-9).
2
Let j(f) = f**3 + 8*f**2 + 7*f - 29. Give j(-3).
-5
Let j(r) = 66*r - 784. What is j(12)?
8
Let z(q) = q**3 - 14*q**2 + 19*q + 83. Determine z(11).
-71
Let r(c) = c**2 + 408*c + 8884. Calculate r(-23).
29
Let q(m) = -m**3 + 12*m**2 + 37*m - 538. Determine q(11).
-10
Let u(k) = -22*k**2 + 108*k + 6. What is u(6)?
-138
Let l(a) = a**2 + 173*a + 347. Determine l(-2).
5
Let w(z) = -7*z**2 - 44*z - 16. Calculate w(-6).
-4
Let f(g) = -g**2 + 48*g - 83. Give f(46).
9
Let a(i) = -404*i + 4052. Determine a(10).
12
Let q(k) = -2*k**3 - 801*k**2 - 392*k + 3204. Determine q(-400).
4
Let j(v) = v**3 + 138*v**2 - 140*v - 134. Calculate j(-139).
5
Let f(l) = l**3 + 1856*l**2 - 11171*l - 2. Calculate f(6).
4
Let p(c) = 2*c**3 + 120*c**2 - 123*c - 61. Determine p(-61).
0
Let u(g) = -421*g**3 + g**2 - 67*g + 67. Calculate u(1).
-420
Let z(u) = u**3 + 35*u**2 - 128*u - 87. Give z(-38).
445
Let u(n) = -3*n**3 + 247*n**2 - 80*n - 144. Calculate u(82).
20
Let a(s) = 4279*s + 25676. What is a(-6)?
2
Let l(w) = -21417*w + 85659. Give l(4).
-9
Let w(v) = -24*v + 8. What is w(0)?
8
Let c(j) = j**3 + 34*j**2 - 33*j - 34. What is c(-35)?
-104
Let k(h) = 3*h**3 + h**2 - 19*h + 25. Calculate k(3).
58
Let g(d) = d**3 - 67*d**2 + 4*d - 240. What is g(67)?
28
Let d(q) = 5*q**2 + 687*q + 2218. Determine d(-134).
-60
Let i(j) = j**3 - 28*j**2 + 124*j + 15. What is i(23)?
222
Let z(x) = -2*x**3 + 15*x**2 + 18*x - 195. What is z(5)?
20
Let h(f) = 2*f**3 - 23*f**2 - 2*f - 59. Give h(12).
61
Let i(t) = -40*t**3 + 1200*t**2 - 6. What is i(30)?
-6
Let f(z) = 392*z - 1534. Give f(4).
34
Let u(w) = -w**3 + 26*w**2 + 3*w + 1. Calculate u(26).
79
Let l(b) = b**3 - 6*b**2 + 11*b - 11. Determine l(5).
19
Let q(w) = -152*w - 1915. Determine q(-13).
61
Let d(o) = -o**3 + 8*o**2 - 22*o - 33. What is d(4)?
-57
Let i(a) = 25*a**3 + a**2 + 96*a - 96. What is i(1)?
26
Let o(f) = -f**3 + 16*f**2 - 68*f + 23. Give o(8).
-9
Let g(z) = z**3 + 13*z**2 - 70*z - 660. Give g(-13).
250
Let f(z) = -z - 42. What is f(-18)?
-24
Let y(d) = -3*d**3 - 20*d**2 - 19*d - 7. Determine y(-7).
175
Let k(x) = 5*x**2 + 188*x + 1520. Calculate k(-10).
140
Let u(v) = -v**3 - 30*v**2 + 66*v + 59. Determine u(-32).
-5
Let o(n) = n**3 + 35*n**2 + 238*n + 84. What is o(-26)?
-20
Let o(k) = -142*k - 954. Give o(-9).
324
Let h(m) = 4*m**2 + 30*m - 31. Calculate h(1).
3
Let a(v) = -414*v**2 + 148*v + 149. Give a(-1).
-413
Let d(r) = -53*r - 427. What is d(-14)?
315
Let s(d) = -197*d + 998. Calculate s(5).
13
Let x(m) = -10*m**2 - 35*m + 60. What is x(-12)?
-960
Let j(t) = -t**3 + 52*t**2 - 232*t - 1